{"id":98,"date":"2014-04-02T10:09:13","date_gmt":"2014-04-02T09:09:13","guid":{"rendered":"https:\/\/st-cyr-ste-julitte.fr\/?page_id=98"},"modified":"2022-01-31T21:08:37","modified_gmt":"2022-01-31T20:08:37","slug":"projet-decole","status":"publish","type":"page","link":"https:\/\/st-cyr-ste-julitte.fr\/?page_id=98","title":{"rendered":"Projet d&rsquo;\u00e9cole 2021-2024"},"content":{"rendered":"<h4 align=\"center\">Cette ann\u00e9e, et pour les ann\u00e9es \u00e0 venir, voici notre projet:<\/h4>\n<p align=\"center\"><span style=\"font-family: 'Comic Sans MS', cursive; color: #333399;\">Donner aux \u00e9l\u00e8ves les moyens de mieux se conna\u00eetre pour&nbsp;: s&rsquo;engager dans les activit\u00e9s scolaires, interagir avec et dans son environnement, conqu\u00e9rir leur autonomie et exercer progressivement leur libert\u00e9 et leur statut de citoyen responsable.<\/span><\/p>\n<p><span style=\"font-family: Comic Sans MS, cursive;\"><span style=\"font-size: large;\"><u>Nos intentions pour r\u00e9pondre aux besoins des \u00e9l\u00e8ves :<a href=\"https:\/\/st-cyr-ste-julitte.fr\/wp-content\/uploads\/2022\/01\/zen.jpg\"><img loading=\"lazy\" decoding=\"async\" class=\"alignnone  wp-image-5806\" src=\"https:\/\/st-cyr-ste-julitte.fr\/wp-content\/uploads\/2022\/01\/zen.jpg\" alt=\"\" width=\"219\" height=\"132\"><\/a><\/u><\/span><\/span><\/p>\n<p><span style=\"font-family: 'Comic Sans MS', cursive; color: #333399;\">&#8211; Mettre en place des rituels, des routines motrices r\u00e9fl\u00e9chis \u00e0 des moments pr\u00e9cis et \u00e9volutives dans l\u2019ann\u00e9e.<\/span><\/p>\n<p><span style=\"font-family: 'Comic Sans MS', cursive; color: #333399;\">&#8211; Mettre en place des coins jeux, am\u00e9nager sa classe pour varier les postures de l\u2019enfant et tonifier son corps.<\/span><\/p>\n<p><span style=\"font-family: 'Comic Sans MS', cursive; color: #333399;\">&#8211; Sensibiliser l\u2019enfant \u00e0 la relaxation et aux exercices de respiration pendant les s\u00e9ances de sport et motricit\u00e9.<\/span><\/p>\n<p><span style=\"font-family: 'Comic Sans MS', cursive; color: #333399;\">&#8211; Sensibiliser l\u2019enfant \u00e0 son environnement et \u00e0 la biodiversit\u00e9&nbsp;: faire un \u00e9levage (insectes)<\/span><\/p>\n<p><span style=\"font-family: 'Comic Sans MS', cursive; color: #333399;\">&#8211; Sensibiliser l\u2019enfant \u00e0 une bonne hygi\u00e8ne de vie&nbsp;: Le sommeil, pratique du sport, l\u2019alimentation, sensibiliser aux dangers des \u00e9crans.<\/span><\/p>\n<p><span style=\"font-family: 'Comic Sans MS', cursive; color: #333399;\">&#8211; Mettre en place un potager (permaculture), avoir un circuit &#8230;(r\u00e9cup\u00e9rateur d\u2019eau, compost, lombricomposteur).<\/span><\/p>\n<p><span style=\"font-family: 'Comic Sans MS', cursive; color: #333399;\">&#8211; Sensibiliser au respect de l\u2019environnement.<\/span><\/p>\n<h4 style=\"text-align: center;\"><span style=\"text-decoration: underline;\">Les objectifs du projet :<\/span><\/h4>\n<p><span style=\"font-family: 'Comic Sans MS', cursive; color: #333399;\">&#8211; Tonifier son corps en mettant l\u2019accent sur la ceinture scapulaire pour permettre \u00e0 l\u2019enfant de mieux appr\u00e9hender le geste graphique.<\/span><\/p>\n<p><span style=\"font-family: 'Comic Sans MS', cursive; color: #333399;\">&#8211; Permettre \u00e0 l\u2019enfant de d\u00e9velopper et identifier ses sens.<\/span><\/p>\n<p><span style=\"font-family: 'Comic Sans MS', cursive; color: #333399;\">&#8211; Mieux conna\u00eetre et prendre conscience de son corps.<\/span><\/p>\n<p><span style=\"font-family: 'Comic Sans MS', cursive; color: #333399;\">&#8211; Ma\u00eetriser ses \u00e9motions.<\/span><\/p>\n<p><span style=\"font-family: 'Comic Sans MS', cursive; color: #333399;\">&#8211; Gagner en autonomie et concentration pour optimiser les apprentissages.<\/span><\/p>\n<p>&nbsp;<\/p>\n<p align=\"center\"><span style=\"font-family: Comic Sans MS, cursive;\"><u><b>Mobiliser ses connaissances pour&nbsp;:<\/b><\/u><\/span><\/p>\n<p><span style=\"color: #333399;\"><span style=\"font-family: Comic Sans MS, cursive;\"><span style=\"font-size: medium;\"><u><b>Orientation 1<\/b><\/u><\/span><\/span><span style=\"font-family: Comic Sans MS, cursive;\"><span style=\"font-size: medium;\">&nbsp;<\/span><\/span><span style=\"font-family: Comic Sans MS, cursive;\"><span style=\"font-size: medium;\"><b>: Faire de son corps un alli\u00e9 pr\u00e9cieux pour optimiser les apprentissages.<\/b><\/span><\/span><\/span><\/p>\n<p align=\"center\"><span style=\"font-family: 'Comic Sans MS', cursive; color: #993366;\"><span style=\"font-size: medium;\"><b>\u00ab&nbsp;Pause &amp; Pose&nbsp;\u00bb<\/b><\/span><\/span><\/p>\n<p align=\"center\"><span style=\"font-family: Comic Sans MS, cursive;\"><span style=\"font-size: medium;\"><i>Ann\u00e9e scolaire : 2021&nbsp;\/ 2022<\/i><\/span><\/span><\/p>\n<p>&nbsp;<\/p>\n<p><span style=\"color: #333399;\"><span style=\"font-family: Comic Sans MS, cursive;\"><span style=\"font-size: medium;\"><u><b>Orientation 2<\/b><\/u><\/span><\/span><span style=\"font-family: Comic Sans MS, cursive;\"><span style=\"font-size: medium;\">&nbsp;: <\/span><\/span><span style=\"font-family: Comic Sans MS, cursive;\"><span style=\"font-size: medium;\"><b>Faire de son environnement un alli\u00e9 pr\u00e9cieux pour se sentir bien et favoriser un climat propice aux apprentissages.<\/b><\/span><\/span><\/span><\/p>\n<p align=\"center\"><span style=\"font-family: Comic Sans MS, cursive;\"><span style=\"font-size: medium;\"><b><span style=\"color: #993366;\">\u00ab&nbsp;\u00c9veille tes sens&nbsp;\u00bb<\/span><a href=\"https:\/\/st-cyr-ste-julitte.fr\/wp-content\/uploads\/2022\/01\/sensibiliser_les_enfants_a_l_ecologie.jpg\"><img loading=\"lazy\" decoding=\"async\" class=\"wp-image-5807 alignright\" src=\"https:\/\/st-cyr-ste-julitte.fr\/wp-content\/uploads\/2022\/01\/sensibiliser_les_enfants_a_l_ecologie-595x595.jpg\" alt=\"\" width=\"179\" height=\"179\" srcset=\"https:\/\/st-cyr-ste-julitte.fr\/wp-content\/uploads\/2022\/01\/sensibiliser_les_enfants_a_l_ecologie-595x595.jpg 595w, https:\/\/st-cyr-ste-julitte.fr\/wp-content\/uploads\/2022\/01\/sensibiliser_les_enfants_a_l_ecologie.jpg 693w\" sizes=\"(max-width: 179px) 100vw, 179px\" \/><\/a><\/b><\/span><\/span><\/p>\n<p style=\"text-align: center;\" align=\"center\"><span style=\"font-family: Comic Sans MS, cursive;\"><span style=\"font-size: medium;\"><i>Ann\u00e9e scolaire&nbsp;: 2022 \/ 2023<\/i><\/span><\/span><\/p>\n<p>&nbsp;<\/p>\n<p>&nbsp;<\/p>\n<h6><span style=\"color: #333399;\"><span style=\"font-size: large;\"><u><b>Orientation 3<\/b><\/u><\/span><span style=\"font-size: large;\"><b> : <\/b><\/span><span style=\"font-family: Comic Sans MS, cursive;\"><span style=\"font-size: medium;\"><b>Faire de son hygi\u00e8ne de vie une pr\u00e9cieuse alli\u00e9e pour \u00eatre en bonne sant\u00e9 et favoriser les apprentissages.<\/b><\/span><\/span><\/span><\/h6>\n<p align=\"center\"><span style=\"font-family: 'Comic Sans MS', cursive; color: #993366;\"><span style=\"font-size: medium;\"><b>\u00ab&nbsp;Aime ton corps et ton corps te le rendra&nbsp;\u00bb<\/b><\/span><\/span><\/p>\n<p style=\"text-align: center;\"><span style=\"font-family: Comic Sans MS, cursive;\"><span style=\"font-size: medium;\"><i>Ann\u00e9e scolaire : 2023 \/ 2024<\/i><\/span><\/span><\/p>\n","protected":false},"excerpt":{"rendered":"<p>Cette ann\u00e9e, et pour les ann\u00e9es \u00e0 venir, voici notre projet: Donner aux \u00e9l\u00e8ves les moyens de mieux se conna\u00eetre pour&nbsp;: s&rsquo;engager dans les activit\u00e9s scolaires, interagir avec et dans son environnement, conqu\u00e9rir leur autonomie et exercer progressivement leur libert\u00e9 et leur statut de citoyen responsable. Nos intentions pour r\u00e9pondre aux besoins des \u00e9l\u00e8ves :&hellip; <br \/> <a class=\"read-more\" href=\"https:\/\/st-cyr-ste-julitte.fr\/?page_id=98\">Lire la suite<\/a><\/p>\n","protected":false},"author":8,"featured_media":0,"parent":0,"menu_order":0,"comment_status":"closed","ping_status":"open","template":"","meta":{"ngg_post_thumbnail":0,"footnotes":""},"_links":{"self":[{"href":"https:\/\/st-cyr-ste-julitte.fr\/index.php?rest_route=\/wp\/v2\/pages\/98"}],"collection":[{"href":"https:\/\/st-cyr-ste-julitte.fr\/index.php?rest_route=\/wp\/v2\/pages"}],"about":[{"href":"https:\/\/st-cyr-ste-julitte.fr\/index.php?rest_route=\/wp\/v2\/types\/page"}],"author":[{"embeddable":true,"href":"https:\/\/st-cyr-ste-julitte.fr\/index.php?rest_route=\/wp\/v2\/users\/8"}],"replies":[{"embeddable":true,"href":"https:\/\/st-cyr-ste-julitte.fr\/index.php?rest_route=%2Fwp%2Fv2%2Fcomments&post=98"}],"version-history":[{"count":4,"href":"https:\/\/st-cyr-ste-julitte.fr\/index.php?rest_route=\/wp\/v2\/pages\/98\/revisions"}],"predecessor-version":[{"id":5808,"href":"https:\/\/st-cyr-ste-julitte.fr\/index.php?rest_route=\/wp\/v2\/pages\/98\/revisions\/5808"}],"wp:attachment":[{"href":"https:\/\/st-cyr-ste-julitte.fr\/index.php?rest_route=%2Fwp%2Fv2%2Fmedia&parent=98"}],"curies":[{"name":"wp","href":"https:\/\/api.w.org\/{rel}","templated":true}]}}

Projet d&rsquo;école 2021-2024

<h4 align="center">Cette année, et pour les années à venir, voici notre projet:</h4>
<p align="center"><span style="font-family: 'Comic Sans MS', cursive; color: #333399;">Donner aux élèves les moyens de mieux se connaître pour&nbsp;: s&rsquo;engager dans les activités scolaires, interagir avec et dans son environnement, conquérir leur autonomie et exercer progressivement leur liberté et leur statut de citoyen responsable.</span></p>
<p><span style="font-family: Comic Sans MS, cursive;"><span style="font-size: large;"><u>Nos intentions pour répondre aux besoins des élèves :<a href="https://st-cyr-ste-julitte.fr/wp-content/uploads/2022/01/zen.jpg"><img loading="lazy" decoding="async" class="alignnone  wp-image-5806" src="https://st-cyr-ste-julitte.fr/wp-content/uploads/2022/01/zen.jpg" alt="" width="219" height="132"></a></u></span></span></p>
<p><span style="font-family: 'Comic Sans MS', cursive; color: #333399;">&#8211; Mettre en place des rituels, des routines motrices réfléchis à des moments précis et évolutives dans l’année.</span></p>
<p><span style="font-family: 'Comic Sans MS', cursive; color: #333399;">&#8211; Mettre en place des coins jeux, aménager sa classe pour varier les postures de l’enfant et tonifier son corps.</span></p>
<p><span style="font-family: 'Comic Sans MS', cursive; color: #333399;">&#8211; Sensibiliser l’enfant à la relaxation et aux exercices de respiration pendant les séances de sport et motricité.</span></p>
<p><span style="font-family: 'Comic Sans MS', cursive; color: #333399;">&#8211; Sensibiliser l’enfant à son environnement et à la biodiversité&nbsp;: faire un élevage (insectes)</span></p>
<p><span style="font-family: 'Comic Sans MS', cursive; color: #333399;">&#8211; Sensibiliser l’enfant à une bonne hygiène de vie&nbsp;: Le sommeil, pratique du sport, l’alimentation, sensibiliser aux dangers des écrans.</span></p>
<p><span style="font-family: 'Comic Sans MS', cursive; color: #333399;">&#8211; Mettre en place un potager (permaculture), avoir un circuit &#8230;(récupérateur d’eau, compost, lombricomposteur).</span></p>
<p><span style="font-family: 'Comic Sans MS', cursive; color: #333399;">&#8211; Sensibiliser au respect de l’environnement.</span></p>
<h4 style="text-align: center;"><span style="text-decoration: underline;">Les objectifs du projet :</span></h4>
<p><span style="font-family: 'Comic Sans MS', cursive; color: #333399;">&#8211; Tonifier son corps en mettant l’accent sur la ceinture scapulaire pour permettre à l’enfant de mieux appréhender le geste graphique.</span></p>
<p><span style="font-family: 'Comic Sans MS', cursive; color: #333399;">&#8211; Permettre à l’enfant de développer et identifier ses sens.</span></p>
<p><span style="font-family: 'Comic Sans MS', cursive; color: #333399;">&#8211; Mieux connaître et prendre conscience de son corps.</span></p>
<p><span style="font-family: 'Comic Sans MS', cursive; color: #333399;">&#8211; Maîtriser ses émotions.</span></p>
<p><span style="font-family: 'Comic Sans MS', cursive; color: #333399;">&#8211; Gagner en autonomie et concentration pour optimiser les apprentissages.</span></p>
<p>&nbsp;</p>
<p align="center"><span style="font-family: Comic Sans MS, cursive;"><u><b>Mobiliser ses connaissances pour&nbsp;:</b></u></span></p>
<p><span style="color: #333399;"><span style="font-family: Comic Sans MS, cursive;"><span style="font-size: medium;"><u><b>Orientation 1</b></u></span></span><span style="font-family: Comic Sans MS, cursive;"><span style="font-size: medium;">&nbsp;</span></span><span style="font-family: Comic Sans MS, cursive;"><span style="font-size: medium;"><b>: Faire de son corps un allié précieux pour optimiser les apprentissages.</b></span></span></span></p>
<p align="center"><span style="font-family: 'Comic Sans MS', cursive; color: #993366;"><span style="font-size: medium;"><b>«&nbsp;Pause &amp; Pose&nbsp;»</b></span></span></p>
<p align="center"><span style="font-family: Comic Sans MS, cursive;"><span style="font-size: medium;"><i>Année scolaire : 2021&nbsp;/ 2022</i></span></span></p>
<p>&nbsp;</p>
<p><span style="color: #333399;"><span style="font-family: Comic Sans MS, cursive;"><span style="font-size: medium;"><u><b>Orientation 2</b></u></span></span><span style="font-family: Comic Sans MS, cursive;"><span style="font-size: medium;">&nbsp;: </span></span><span style="font-family: Comic Sans MS, cursive;"><span style="font-size: medium;"><b>Faire de son environnement un allié précieux pour se sentir bien et favoriser un climat propice aux apprentissages.</b></span></span></span></p>
<p align="center"><span style="font-family: Comic Sans MS, cursive;"><span style="font-size: medium;"><b><span style="color: #993366;">«&nbsp;Éveille tes sens&nbsp;»</span><a href="https://st-cyr-ste-julitte.fr/wp-content/uploads/2022/01/sensibiliser_les_enfants_a_l_ecologie.jpg"><img loading="lazy" decoding="async" class="wp-image-5807 alignright" src="https://st-cyr-ste-julitte.fr/wp-content/uploads/2022/01/sensibiliser_les_enfants_a_l_ecologie-595x595.jpg" alt="" width="179" height="179" srcset="https://st-cyr-ste-julitte.fr/wp-content/uploads/2022/01/sensibiliser_les_enfants_a_l_ecologie-595x595.jpg 595w, https://st-cyr-ste-julitte.fr/wp-content/uploads/2022/01/sensibiliser_les_enfants_a_l_ecologie.jpg 693w" sizes="(max-width: 179px) 100vw, 179px" /></a></b></span></span></p>
<p style="text-align: center;" align="center"><span style="font-family: Comic Sans MS, cursive;"><span style="font-size: medium;"><i>Année scolaire&nbsp;: 2022 / 2023</i></span></span></p>
<p>&nbsp;</p>
<p>&nbsp;</p>
<h6><span style="color: #333399;"><span style="font-size: large;"><u><b>Orientation 3</b></u></span><span style="font-size: large;"><b> : </b></span><span style="font-family: Comic Sans MS, cursive;"><span style="font-size: medium;"><b>Faire de son hygiène de vie une précieuse alliée pour être en bonne santé et favoriser les apprentissages.</b></span></span></span></h6>
<p align="center"><span style="font-family: 'Comic Sans MS', cursive; color: #993366;"><span style="font-size: medium;"><b>«&nbsp;Aime ton corps et ton corps te le rendra&nbsp;»</b></span></span></p>
<p style="text-align: center;"><span style="font-family: Comic Sans MS, cursive;"><span style="font-size: medium;"><i>Année scolaire : 2023 / 2024</i></span></span></p>

<p>Cette année, et pour les années à venir, voici notre projet: Donner aux élèves les moyens de mieux se connaître pour&nbsp;: s&rsquo;engager dans les activités scolaires, interagir avec et dans son environnement, conquérir leur autonomie et exercer progressivement leur liberté et leur statut de citoyen responsable. Nos intentions pour répondre aux besoins des élèves :&hellip; <br /> <a class="read-more" href="https://st-cyr-ste-julitte.fr/?page_id=98">Lire la suite</a></p>
