{"id":2036,"date":"2016-03-10T10:02:23","date_gmt":"2016-03-10T09:02:23","guid":{"rendered":"https:\/\/st-cyr-ste-julitte.fr\/?page_id=2036"},"modified":"2025-08-31T08:45:13","modified_gmt":"2025-08-31T06:45:13","slug":"reglement-interieur","status":"publish","type":"page","link":"https:\/\/st-cyr-ste-julitte.fr\/?page_id=2036","title":{"rendered":"r\u00e8glement int\u00e9rieur"},"content":{"rendered":"<p align=\"justify\"><span style=\"font-family: Times New Roman, serif;\"><span style=\"font-family: Arial, serif;\"><span style=\"font-size: small;\"><i>Afin de vivre en harmonie les uns avec les autres et d\u2019offrir aux enfants de bonnes conditions de travail et d\u2019\u00e9panouissement, il est indispensable que chacun (enfants, parents, enseignants et adultes de l\u2019e\u0301cole), respecte un certain nombre de r\u00e8gles. Elles ne peuvent pas toutes \u00eatre \u00e9crites mais l\u2019\u00e9quipe \u00e9ducative compte sur le bon sens, le savoir-vivre et la bonne foi de chacun pour cr\u00e9er une ambiance agr\u00e9able et garantir le respect de chacun tout au long de l\u2019ann\u00e9e. <\/i><\/span><\/span><\/span><\/p>\n<ul>\n<li>\n<p align=\"left\"><span style=\"color: #2d5193;\"><span style=\"font-size: medium;\"><u><b><span style=\"color: #ff0000;\">Horaires&nbsp;\/ Entr\u00e9es et sorties<\/span> <\/b><\/u><\/span><\/span><\/p>\n<\/li>\n<\/ul>\n<p class=\"western\" align=\"left\"><span style=\"color: #000000;\"><span style=\"font-size: small;\">&#8211; La classe se d\u00e9roule de 8h30 a\u0300 12h et de 13h30 a\u0300 16h15.<br \/>\n&#8211; Le portail est ouvert a\u0300 partir de 8h20 le matin et a\u0300 13h20 l\u2019apr\u00e8s-midi. D\u2019un point de vue l\u00e9gal, pour le bon fonctionnement de l\u2019e\u0301cole et pour des questions de s\u00e9curit\u00e9\u0301, ces horaires doivent imp\u00e9rativement \u00eatre respect\u00e9s. <\/span><\/span><\/p>\n<p class=\"western\" align=\"left\"><span style=\"color: #000000;\"><span style=\"font-size: small;\">&#8211; Le portail est ferme\u0301 a\u0300 8h30 le matin et a\u0300 13h30 l\u2019apr\u00e8s-midi.<br \/>\n<\/span><\/span><\/p>\n<p class=\"western\"><span style=\"color: #000000;\"><span style=\"font-size: small;\"><u><b>Entr\u00e9e des enfants<\/b><\/u><\/span><\/span><span style=\"color: #000000;\"><span style=\"font-size: small;\"> : L\u2019accueil des enfants se fait directement dans les classes de 8h20 a\u0300 8h30. Les parents de maternelle sont autoris\u00e9s \u00e0 accompagner leur enfant dans la classe. Seul le personnel de l\u2019\u00e9cole (enseignants \/ ASEM) est autoris\u00e9 \u00e0 ouvrir le portail. <\/span><\/span><\/p>\n<p class=\"western\"><span style=\"color: #000000;\"><span style=\"font-size: small;\"><u><b>Sortie des classes <\/b><\/u><\/span><\/span><span style=\"color: #000000;\"><span style=\"font-size: small;\">:<\/span><\/span><b> <\/b><span style=\"color: #000000;\"><span style=\"font-size: small;\">Avant d\u2019entrer, les parents attendent que les enfants qui rentrent seuls ou qui mangent \u00e0 la cantine ou qui prennent le bus soient sortis et que l\u2019enseignant les accompagnant les autorise \u00e0 entrer. <\/span><\/span><\/p>\n<ul>\n<li><span style=\"color: #000000;\"><span style=\"font-size: small;\"><i><b>Maternelles et CP<\/b><\/i><\/span><\/span><span style=\"color: #000000;\"><span style=\"font-size: small;\">&nbsp;: les parents sont invit\u00e9s a\u0300 se pr\u00e9senter \u00e0 la porte de la classe. Les \u00e9l\u00e8ves sortent a\u0300 l\u2019appel de l\u2019enseignante. <\/span><\/span><\/li>\n<li><span style=\"color: #000000;\"><span style=\"font-size: small;\"><i><b>CE &amp; CM<\/b><\/i><\/span><\/span><span style=\"color: #000000;\"><span style=\"font-size: small;\"> : apr\u00e8s ouverture du portail, les parents sont invit\u00e9s a\u0300 se pr\u00e9senter sous le pr\u00e9au. Les e\u0301le\u0300ves attendent en rang, en silence, l\u2019appel de leur pr\u00e9nom sous le pr\u00e9au. <\/span><\/span><\/li>\n<\/ul>\n<p><span style=\"font-size: small;\">La <\/span><span style=\"font-size: small;\"><b>ponctualit\u00e9<\/b><\/span><span style=\"font-size: small;\"> marque le respect du travail de chacun et est une obligation l\u00e9gale par rapport au travail scolaire. Les enfants ne peuvent \u00eatre tenus responsables du retard de leurs parents.<\/span><\/p>\n<ul>\n<li>\n<p align=\"left\"><span style=\"color: #ff0000;\"><span style=\"font-size: medium;\"><u><b>Relations \u00c9cole \/ Famille<\/b><\/u><\/span><\/span><\/p>\n<\/li>\n<\/ul>\n<p><span style=\"color: #000000;\"><span style=\"font-size: small;\">&#8211; <\/span><\/span><span style=\"color: #000000;\"><span style=\"font-size: small;\"><b>Le pr\u00e9sent r\u00e8glement int\u00e9rieur est \u00e0 lire attentivement et \u00e0 signer (garder une copie \u00e0 la maison)<\/b><\/span><\/span><span style=\"color: #000000;\"><span style=\"font-size: small;\">. <\/span><\/span><\/p>\n<p><span style=\"color: #000000;\"><span style=\"font-size: small;\">&#8211; <\/span><\/span><span style=\"color: #000000;\"><span style=\"font-size: small;\"><b>Le<\/b><\/span><\/span> <span style=\"color: #000000;\"><span style=\"font-size: small;\"><b>cahier de correspondance<\/b><\/span><\/span><span style=\"color: #000000;\"><span style=\"font-size: small;\"> informe les familles de la vie de l\u2019\u00e9tablissement. Il est en permanence dans le cartable de l\u2019enfant. <\/span><\/span><span style=\"color: #000000;\"><span style=\"font-size: small;\"><b>Les parents le consultent chaque jour et signent chaque document<\/b><\/span><\/span><span style=\"color: #000000;\"><span style=\"font-size: small;\">.<\/span><\/span><\/p>\n<p><span style=\"color: #000000;\"><span style=\"font-size: small;\">&#8211; Les programmes, progressions, projets p\u00e9dagogiques sont expliqu\u00e9s lors des r\u00e9unions de classe. <\/span><\/span><span style=\"color: #000000;\"><span style=\"font-size: small;\"><b>Les \u00e9valuations rendent compte, aux familles, des progr\u00e8s de l\u2019enfant.<\/b><\/span><\/span><\/p>\n<p><span style=\"color: #000000;\"><span style=\"font-size: small;\">&#8211; Les parents peuvent prendre <\/span><\/span><span style=\"color: #000000;\"><span style=\"font-size: small;\"><b>rendez-vous<\/b><\/span><\/span><span style=\"color: #000000;\"><span style=\"font-size: small;\"> avec les enseignants. Ils \u00e9vitent de prendre rendez-vous dans les derni\u00e8res semaines de juin. Ils ne rencontrent pas l\u2019enseignant sur temps de classe.<\/span><\/span><\/p>\n<p><span style=\"color: #000000;\"><span style=\"font-size: small;\">&#8211; Les parents signalent au chef d\u2019\u00e9tablissement (\u00e0 la directrice) tout <\/span><\/span><span style=\"color: #000000;\"><span style=\"font-size: small;\"><b>changement de situation<\/b><\/span><\/span><span style=\"color: #000000;\"><span style=\"font-size: small;\"> (adresse, t\u00e9l\u00e9phone, \u2026).<\/span><\/span><\/p>\n<p><span style=\"color: #000000;\"><span style=\"font-size: small;\">&#8211; <\/span><\/span><span style=\"color: #000000;\"><span style=\"font-size: small;\"><b>L\u2019\u00e9cole n\u2019est pas responsable de l\u2019enfant pendant la cantine ou le multisport<\/b><\/span><\/span><span style=\"color: #000000;\"><span style=\"font-size: small;\">. Merci de vous adresser directement aux personnes concern\u00e9es. <\/span><\/span><\/p>\n<ul>\n<li>\n<p align=\"left\"><span style=\"color: #ff0000;\"><span style=\"font-size: medium;\"><u><b>Absences <\/b><\/u><\/span><\/span><\/p>\n<\/li>\n<\/ul>\n<p class=\"western\"><span style=\"color: #000000;\"><span style=\"font-size: small;\">Toutes les absences doivent \u00eatre signal\u00e9es par t\u00e9l\u00e9phone, au <\/span><\/span><span style=\"color: #000000;\"><span style=\"font-size: small;\"><b>02 40 21 49 16 <\/b><\/span><\/span><span style=\"color: #000000;\"><span style=\"font-size: small;\">avant 8h45. Vous pouvez laisser un message sur le r\u00e9pondeur, ou par mail, ou sur ClassDojo. A son retour en classe, l\u2019e\u0301le\u0300ve devra pr\u00e9senter a\u0300 l\u2019enseignant(e) le <\/span><\/span><span style=\"color: #000000;\"><span style=\"font-size: small;\"><b>justificatif d\u2019absence joint dans le cahier de correspondance<\/b><\/span><\/span><span style=\"color: #000000;\"><span style=\"font-size: small;\">. <\/span><\/span><\/p>\n<p class=\"western\"><span style=\"color: #000000;\"><span style=\"font-size: small;\">Nous rappelons que l\u2019e\u0301cole est obligatoire a\u0300 partir de 3 ans. Il appara\u00eet que toute absence m\u00eame exceptionnelle est pr\u00e9judiciable a\u0300 la scolarit\u00e9\u0301 et a\u0300 la socialisation de l\u2019enfant. <\/span><\/span><span style=\"color: #000000;\"><span style=\"font-size: small;\"><b>Toute absence pour convenance personnelle (vacances, weekend prolong\u00e9, \u2026) doit \u00eatre signal\u00e9e 1 mois \u00e0 l\u2019avance via un courrier qui sera transmis \u00e0 l\u2019Inspecteur de l\u2019\u00c9ducation Nationale<\/b><\/span><\/span><span style=\"color: #000000;\"><span style=\"font-size: small;\">. <\/span><\/span><\/p>\n<ul>\n<li>\n<p align=\"left\"><span style=\"color: #ff0000;\"><span style=\"font-size: medium;\"><u><b>Sante\u0301 <\/b><\/u><\/span><\/span><\/p>\n<\/li>\n<\/ul>\n<p class=\"western\"><span style=\"color: #000000;\"><span style=\"font-size: small;\">Les enfants malades ne sont pas admis a\u0300 l\u2019e\u0301cole. Les <\/span><\/span><span style=\"color: #000000;\"><span style=\"font-size: small;\"><b>m\u00e9dicaments y sont interdits <\/b><\/span><\/span><span style=\"color: #000000;\"><span style=\"font-size: small;\">(obligation l\u00e9gale). Pour les maladies chroniques (asthme, allergies, diab\u00e8te&#8230;), un <\/span><\/span><span style=\"color: #000000;\"><span style=\"font-size: small;\"><b>PAI<\/b><\/span><\/span><span style=\"color: #000000;\"><span style=\"font-size: small;\"> (projet d\u2019accueil individualise\u0301) est \u00e9crit par le m\u00e9decin scolaire et signe\u0301 par les parents. <\/span><\/span><span style=\"color: #000000;\"><span style=\"font-size: small;\"><b>Les parents doivent signaler obligatoirement tout probl\u00e8me de sante\u0301 concernant leur enfant.<\/b><\/span><\/span><span style=\"color: #000000;\"><span style=\"font-size: small;\"> La propret\u00e9\u0301 de chacun fait le bonheur de tous. Il est important d\u2019y veiller.<br \/>\nNous vous demandons aussi d\u2019\u00eatre particuli\u00e8rement vigilant sur la probl\u00e9matique des poux. <\/span><\/span><\/p>\n<ul>\n<li>\n<p align=\"left\"><span style=\"color: #ff0000;\"><span style=\"font-size: medium;\"><u><b>S\u00e9curit\u00e9<\/b><\/u><\/span><\/span><\/p>\n<\/li>\n<\/ul>\n<p><span style=\"color: #000000;\"><span style=\"font-size: small;\">&#8211; Dans l\u2019ann\u00e9e, les enfants seront amen\u00e9s \u00e0 faire&nbsp;<\/span><\/span><span style=\"color: #000000;\"><span style=\"font-size: small;\"><b>3 exercices de simulation d\u2019\u00e9vacuation en cas d\u2019incendie<\/b><\/span><\/span><span style=\"color: #000000;\"><span style=\"font-size: small;\">.<\/span><\/span><\/p>\n<p><span style=\"color: #000000;\"><span style=\"font-size: small;\">&#8211; Un <\/span><\/span><span style=\"color: #000000;\"><span style=\"font-size: small;\"><b>PPMS (plan particulier de mise en s\u00fbret\u00e9)<\/b><\/span><\/span><span style=\"color: #000000;\"><span style=\"font-size: small;\"> a \u00e9t\u00e9 \u00e9labor\u00e9 par l\u2019\u00e9quipe p\u00e9dagogique avec le concours de l\u2019OGEC. Des exercices de simulation de confinement face aux risques majeurs (nuages toxiques, attentats, catastrophes naturelles\u2026) sont organis\u00e9s r\u00e9guli\u00e8rement.<\/span><\/span><\/p>\n<ul>\n<li>\n<p align=\"left\"><span style=\"color: #ff0000;\"><span style=\"font-size: medium;\"><u><b>Respect des personnes \/ Vivre ensemble<\/b><\/u><\/span><\/span><\/p>\n<\/li>\n<\/ul>\n<p class=\"western\" align=\"left\"><span style=\"color: #000000;\"><span style=\"font-size: small;\"><u><b>G\u00e9n\u00e9ralit\u00e9s&nbsp;: <\/b><\/u><\/span><\/span><\/p>\n<p><span style=\"color: #000000;\"><span style=\"font-size: small;\">&#8211; Les enfants n\u2019apportent pas de bonbon (sauf anniversaire) et de chewing-gum.<\/span><\/span><\/p>\n<p class=\"western\"><span style=\"color: #000000;\"><span style=\"font-size: small;\">&#8211; Les go\u00fbters organis\u00e9s par les parents pour les anniversaires doivent r\u00e9pondre aux mesures d\u2019hygi\u00e8ne et de s\u00e9curit\u00e9 d\u00e9crites dans les circulaires. <\/span><\/span><span style=\"color: #000000;\"><span style=\"font-size: small;\"><b>L\u2019\u00e9cole interdit donc les g\u00e2teaux \u00ab&nbsp;maison&nbsp;\u00bb.<\/b><\/span><\/span><span style=\"color: #000000;\"><span style=\"font-size: small;\"> D\u00e9sormais, pour les anniversaires, seront accept\u00e9s les bonbons et g\u00e2teaux industriels. <\/span><\/span><\/p>\n<p><span style=\"color: #000000;\"><span style=\"font-size: small;\">&#8211; Les animaux sont interdits sur le chemin et dans l\u2019enceinte de l\u2019\u00e9cole.<\/span><\/span><\/p>\n<p><span style=\"color: #000000;\"><span style=\"font-size: small;\">&#8211; Les parents ne fument pas dans l\u2019enceinte de l\u2019\u00e9cole (chemin compris).<\/span><\/span><\/p>\n<p><span style=\"color: #000000;\"><span style=\"font-size: small;\">&#8211; <\/span><\/span><span style=\"color: #000000;\"><span style=\"font-size: small;\"><b>Tout le<\/b><\/span><\/span> <span style=\"color: #000000;\"><span style=\"font-size: small;\"><b>mat\u00e9riel et les v\u00eatements des enfants doivent \u00eatre marqu\u00e9s au nom de l\u2019enfant<\/b><\/span><\/span><span style=\"color: #000000;\"><span style=\"font-size: small;\">. <\/span><\/span><\/p>\n<p><span style=\"color: #000000;\"><span style=\"font-size: small;\">&#8211; <\/span><\/span><span style=\"color: #000000;\"><span style=\"font-size: small;\"><b>Les parents suivent le travail de leur enfant par l\u2019interm\u00e9diaire des travaux sign\u00e9s \u00e0 la maison, des \u00e9valuations, du travail du soir, des rencontres avec l\u2019enseignant<\/b><\/span><\/span><span style=\"color: #000000;\"><span style=\"font-size: small;\">. <\/span><\/span><\/p>\n<p class=\"western\"><span style=\"color: #000000;\"><span style=\"font-size: small;\"><u><b>POLITESSE <\/b><\/u><\/span><\/span><span style=\"color: #000000;\"><span style=\"font-size: small;\">: L\u2019\u00e9l\u00e8ve s\u2019engage a\u0300 respecter les enseignants, les ASEM, les autres enfants et toute personne intervenant dans l\u2019e\u0301cole. Pour cela, il s\u2019interdit tout propos raciste ou discriminatoire, toute violence physique ou verbale, toute attitude \u00e9quivoque.<\/span><\/span><\/p>\n<p class=\"western\"><span style=\"color: #000000;\"><span style=\"font-size: small;\"><u><b>OBEISSANCE&nbsp;<\/b><\/u><\/span><\/span><span style=\"color: #000000;\"><span style=\"font-size: small;\"><b>:<\/b><\/span><\/span><span style=\"color: #000000;\"><span style=\"font-size: small;\"> Les<\/span><\/span><span style=\"color: #000000;\"><span style=\"font-size: small;\"> adultes sont la\u0300 pour assurer le bon fonctionnement de l\u2019e\u0301cole, les enfants leur doivent donc ob\u00e9issance. <\/span><\/span><\/p>\n<p class=\"western\"><span style=\"color: #000000;\"><span style=\"font-size: small;\"><u><b>R\u00c9CR\u00c9ATIONS&nbsp;<\/b><\/u><\/span><\/span><span style=\"color: #000000;\"><span style=\"font-size: small;\"><b>: <\/b><\/span><\/span><span style=\"color: #000000;\"><span style=\"font-size: small;\">La violence physique, verbale, les gestes grossiers sont interdits. En cas de dispute ou de blessure, il faut pr\u00e9venir l\u2019adulte de surveillance. Tout probl\u00e8me vis-a\u0300-vis d\u2019un autre enfant doit \u00eatre porte\u0301 a\u0300 la connaissance de l\u2019\u00e9quipe enseignante, directement par l\u2019enfant ou par ses parents. Celle-ci le r\u00e8glera au sein de l\u2019e\u0301cole. Les parents n\u2019ont pas a\u0300 intervenir aupr\u00e8s des enfants, pour r\u00e9gler un diff\u00e9rend personnel, dans l\u2019enceinte de l\u2019e\u0301cole, en dehors de responsabilit\u00e9\u0301 d\u2019encadrement. Il revient a\u0300 l\u2019\u00e9quipe enseignante de r\u00e9gler la situation. <\/span><\/span><\/p>\n<ul>\n<li>\n<p align=\"left\"><span style=\"color: #2d5193;\"><span style=\"font-size: medium;\"><u><b><span style=\"color: #ff0000;\">Le mat\u00e9riel<\/span> <\/b><\/u><\/span><\/span><\/p>\n<\/li>\n<\/ul>\n<p class=\"western\"><span style=\"color: #000000;\"><span style=\"font-size: small;\"><u><b>RESPECT DES LIEUX ET DU MATERIEL<\/b><\/u><\/span><\/span><span style=\"color: #000000;\"><span style=\"font-size: small;\"><u><b>&nbsp;: <\/b><\/u><\/span><\/span><span style=\"color: #000000;\"><span style=\"font-size: small;\">Chacun aura le souci de respecter les locaux et tout le mat\u00e9riel mis a\u0300 disposition : murs, mobilier, sanitaires, mat\u00e9riel de sport, manuels scolaires, crayons, jeux de cour&#8230; ainsi que ses affaires personnelles (cartable, crayons&#8230;). <\/span><\/span><span style=\"color: #000000;\"><span style=\"font-size: small;\"><b>Toute d\u00e9gradation volontaire sera factur\u00e9e \u00e0 la famille<\/b><\/span><\/span><span style=\"color: #000000;\"><span style=\"font-size: small;\">. Les \u00e9l\u00e8ves respectent la propret\u00e9 des locaux et ne jouent pas dans les sanitaires.<\/span><\/span><\/p>\n<p class=\"western\"><span style=\"color: #000000;\"><span style=\"font-size: small;\"><u><b>OBJETS PERSONNELS<\/b><\/u><\/span><\/span><span style=\"color: #000000;\"><span style=\"font-size: small;\"><u><b>&nbsp;: <\/b><\/u><\/span><\/span><span style=\"color: #000000;\"><span style=\"font-size: small;\">Il est d\u00e9conseille\u0301 d\u2019apporter tout objet personnel. En cas de perte, de vol ou de d\u00e9t\u00e9rioration, <\/span><\/span><span style=\"color: #000000;\"><span style=\"font-size: small;\"><b>l\u2019e\u0301cole d\u00e9cline toute responsabilit\u00e9<\/b><\/span><\/span><span style=\"color: #000000;\"><span style=\"font-size: small;\">. Il est interdit d\u2019apporter des jeux de la maison. <\/span><\/span><\/p>\n<p class=\"western\"><span style=\"color: #000000;\"><span style=\"font-size: small;\"><u><b>TENUE VESTIMENTAIRE<\/b><\/u><\/span><\/span><span style=\"color: #000000;\"><span style=\"font-size: small;\"><u><b>&nbsp;:<\/b><\/u><\/span><\/span><span style=\"color: #000000;\"><span style=\"font-size: small;\"> Les v\u00eatements doivent \u00eatre <\/span><\/span><span style=\"color: #000000;\"><span style=\"font-size: small;\"><b>marqu\u00e9s <\/b><\/span><\/span><span style=\"color: #000000;\"><span style=\"font-size: small;\">et particuli\u00e8rement ceux qui sont quitt\u00e9s fr\u00e9quemment : \u00e9charpe, bonnet, manteaux, vestes&#8230; L\u2019enfant devra avoir <\/span><\/span><span style=\"color: #000000;\"><span style=\"font-size: small;\"><b>une tenue adapt\u00e9e a\u0300 la m\u00e9t\u00e9o et au milieu scolaire<\/b><\/span><\/span><span style=\"color: #000000;\"><span style=\"font-size: small;\"> (pas de jupe ou de short trop court, de tee-shirt trop court et\/ou a\u0300 bretelles, de dos d\u00e9nud\u00e9&#8230;). Les enfants disposent obligatoirement d\u2019une tenue adapt\u00e9e pour les activit\u00e9s sportives. <\/span><\/span><\/p>\n<ul>\n<li>\n<p align=\"left\"><span style=\"color: #2d5193;\"><span style=\"font-size: medium;\"><u><b><span style=\"color: #ff0000;\">Gestion du comportement<\/span> <\/b><\/u><\/span><\/span><\/p>\n<\/li>\n<\/ul>\n<p class=\"western\" align=\"left\"><span style=\"color: #000000;\"><span style=\"font-size: small;\"><u><b>7 r\u00e8gles de base sont a\u0300 respecter a\u0300 l\u2019\u00e9cole : <\/b><\/u><\/span><\/span><\/p>\n<ul>\n<li>\n<p class=\"western\" align=\"left\"><span style=\"color: #33cccc;\"><span style=\"font-size: small;\">Apprendre sa le\u00e7on et faire le travail demande\u0301&nbsp;;<\/span><\/span><\/p>\n<\/li>\n<li>\n<p class=\"western\" align=\"left\"><span style=\"color: #33cccc;\"><span style=\"font-size: small;\">Travailler s\u00e9rieusement en classe (application, concentration&#8230;)&nbsp;;<\/span><\/span><\/p>\n<\/li>\n<li>\n<p class=\"western\" align=\"left\"><span style=\"color: #33cccc;\"><span style=\"font-size: small;\">Travailler sans d\u00e9ranger les autres (bavardages, comportement inadapt\u00e9&#8230;)&nbsp;;<\/span><\/span><\/p>\n<\/li>\n<li>\n<p class=\"western\" align=\"left\"><span style=\"color: #33cccc;\"><span style=\"font-size: small;\">Avoir son mat\u00e9riel, ses documents. L\u2019\u00e9l\u00e8ve doit avoir une r\u00e9serve personnelle&nbsp;;<\/span><\/span><\/p>\n<\/li>\n<li>\n<p class=\"western\" align=\"left\"><span style=\"color: #33cccc;\"><span style=\"font-size: small;\">Respecter le mat\u00e9riel ou les locaux&nbsp;;<\/span><\/span><\/p>\n<\/li>\n<li>\n<p class=\"western\" align=\"left\"><span style=\"color: #33cccc;\"><span style=\"font-size: small;\">Respecter les personnes&nbsp;;<\/span><\/span><\/p>\n<\/li>\n<li>\n<p class=\"western\" align=\"left\"><span style=\"color: #33cccc;\"><span style=\"font-size: small;\">Jouer sans manquer de respect&nbsp;;<\/span><\/span><\/p>\n<\/li>\n<\/ul>\n<p align=\"left\"><span style=\"color: #000000;\"><span style=\"font-size: small;\">A chaque p\u00e9riode, les e\u0301le\u0300ves auront 5 \u00e9toiles. A chaque manquement a\u0300 une r\u00e8gle, l\u2019enseignante lui enl\u00e8vera une \u00e9toile. Si l\u2019enfant perd toutes ses \u00e9toiles, une gommette est coll\u00e9e dans sa fiche \u00ab&nbsp;<\/span><\/span><span style=\"color: #000000;\"><span style=\"font-size: small;\"><i>Suivi de comportement<\/i><\/span><\/span><span style=\"color: #000000;\"><span style=\"font-size: small;\">&nbsp;\u00bb dans le cahier de correspondance. Un bar\u00e8me a e\u0301te\u0301 mis en place pour associer une sanction a\u0300 chaque gommette :<\/span><\/span><\/p>\n<p align=\"left\"><span style=\"color: #800080;\"><span style=\"font-size: small;\"><u>1 gommette coll\u00e9e<\/u><\/span><span style=\"font-size: small;\"> = travail d\u2019int\u00e9r\u00eat g\u00e9n\u00e9ral a\u0300 l\u2019\u00e9cole<br \/>\n<\/span><span style=\"font-size: small;\"><u>2 gommettes colle\u0301es<\/u><\/span><span style=\"font-size: small;\"> = exclusion du groupe-classe une demi-matine\u0301e<br \/>\n<\/span><span style=\"font-size: small;\"><u>3 gommettes coll\u00e9es<\/u><\/span><span style=\"font-size: small;\"> = un avertissement et une convocation des parents<br \/>\n<\/span><span style=\"font-size: small;\"><u>4 gommettes colle\u0301es<\/u><\/span><span style=\"font-size: small;\"> = exclusion de l\u2019e\u0301cole durant une journe\u0301e <\/span><\/span><\/p>\n<p class=\"western\">&nbsp;<\/p>\n<p align=\"left\"><span style=\"font-family: Times New Roman, serif;\"><span style=\"font-family: Arial, serif;\"><span style=\"font-size: small;\">Avant chaque vacances, les \u00e9toiles conserv\u00e9es se transforment en privil\u00e8ges pour la prochaine p\u00e9riode, \u00e0 condition qu\u2019aucune gommette ne soit coll\u00e9e. <\/span><\/span><\/span><\/p>\n","protected":false},"excerpt":{"rendered":"<p>Afin de vivre en harmonie les uns avec les autres et d\u2019offrir aux enfants de bonnes conditions de travail et d\u2019\u00e9panouissement, il est indispensable que chacun (enfants, parents, enseignants et adultes de l\u2019e\u0301cole), respecte un certain nombre de r\u00e8gles. Elles ne peuvent pas toutes \u00eatre \u00e9crites mais l\u2019\u00e9quipe \u00e9ducative compte sur le bon sens, le&hellip; <br \/> <a class=\"read-more\" href=\"https:\/\/st-cyr-ste-julitte.fr\/?page_id=2036\">Lire la suite<\/a><\/p>\n","protected":false},"author":12,"featured_media":0,"parent":0,"menu_order":0,"comment_status":"closed","ping_status":"closed","template":"","meta":{"ngg_post_thumbnail":0,"footnotes":""},"_links":{"self":[{"href":"https:\/\/st-cyr-ste-julitte.fr\/index.php?rest_route=\/wp\/v2\/pages\/2036"}],"collection":[{"href":"https:\/\/st-cyr-ste-julitte.fr\/index.php?rest_route=\/wp\/v2\/pages"}],"about":[{"href":"https:\/\/st-cyr-ste-julitte.fr\/index.php?rest_route=\/wp\/v2\/types\/page"}],"author":[{"embeddable":true,"href":"https:\/\/st-cyr-ste-julitte.fr\/index.php?rest_route=\/wp\/v2\/users\/12"}],"replies":[{"embeddable":true,"href":"https:\/\/st-cyr-ste-julitte.fr\/index.php?rest_route=%2Fwp%2Fv2%2Fcomments&post=2036"}],"version-history":[{"count":3,"href":"https:\/\/st-cyr-ste-julitte.fr\/index.php?rest_route=\/wp\/v2\/pages\/2036\/revisions"}],"predecessor-version":[{"id":8049,"href":"https:\/\/st-cyr-ste-julitte.fr\/index.php?rest_route=\/wp\/v2\/pages\/2036\/revisions\/8049"}],"wp:attachment":[{"href":"https:\/\/st-cyr-ste-julitte.fr\/index.php?rest_route=%2Fwp%2Fv2%2Fmedia&parent=2036"}],"curies":[{"name":"wp","href":"https:\/\/api.w.org\/{rel}","templated":true}]}}