{"id":110,"date":"2014-04-02T10:15:42","date_gmt":"2014-04-02T09:15:42","guid":{"rendered":"https:\/\/st-cyr-ste-julitte.fr\/?page_id=110"},"modified":"2025-08-31T08:49:06","modified_gmt":"2025-08-31T06:49:06","slug":"organisation-pedagogique","status":"publish","type":"page","link":"https:\/\/st-cyr-ste-julitte.fr\/?page_id=110","title":{"rendered":"Organisation p\u00e9dagogique"},"content":{"rendered":"<p>\u00c0 la rentr\u00e9e 2025-2026, l&rsquo;\u00e9cole compte 96 \u00e9l\u00e8ves.<\/p>\n<p><a href=\"https:\/\/st-cyr-ste-julitte.fr\/wp-content\/uploads\/2025\/01\/GP.jpeg\"><img loading=\"lazy\" decoding=\"async\" class=\"alignnone size-medium wp-image-7846\" src=\"https:\/\/st-cyr-ste-julitte.fr\/wp-content\/uploads\/2025\/01\/GP-595x449.jpeg\" alt=\"\" width=\"595\" height=\"449\" srcset=\"https:\/\/st-cyr-ste-julitte.fr\/wp-content\/uploads\/2025\/01\/GP-595x449.jpeg 595w, https:\/\/st-cyr-ste-julitte.fr\/wp-content\/uploads\/2025\/01\/GP-960x724.jpeg 960w, https:\/\/st-cyr-ste-julitte.fr\/wp-content\/uploads\/2025\/01\/GP-768x579.jpeg 768w, https:\/\/st-cyr-ste-julitte.fr\/wp-content\/uploads\/2025\/01\/GP-1024x772.jpeg 1024w, https:\/\/st-cyr-ste-julitte.fr\/wp-content\/uploads\/2025\/01\/GP.jpeg 1239w\" sizes=\"(max-width: 595px) 100vw, 595px\" \/><\/a><\/p>\n<p>Les 4 classes sont r\u00e9parties de la mani\u00e8re suivante :<\/p>\n<p>&#8211; 24 PS\/MS avec Magali HERVOUET &amp; Morgann Le Caloch, aid\u00e9es par Lydie BESSONNET (ASEM)<br \/>\n&#8211; 27 GS\/CP avec Fabienne CLAVIER, aid\u00e9e par Karen CAMBRAY (ASEM)<br \/>\n&#8211; 25 CE1\/CE2 avec Elo\u00efse GUILBAUD &amp; La\u00ebtitia DOUCET<br \/>\n&#8211; 20 CM1\/CM2 avec Anne-Laure GRAVOUIL<\/p>\n<p>&nbsp;<\/p>\n","protected":false},"excerpt":{"rendered":"<p>\u00c0 la rentr\u00e9e 2025-2026, l&rsquo;\u00e9cole compte 96 \u00e9l\u00e8ves. Les 4 classes sont r\u00e9parties de la mani\u00e8re suivante : &#8211; 24 PS\/MS avec Magali HERVOUET &amp; Morgann Le Caloch, aid\u00e9es par Lydie BESSONNET (ASEM) &#8211; 27 GS\/CP avec Fabienne CLAVIER, aid\u00e9e par Karen CAMBRAY (ASEM) &#8211; 25 CE1\/CE2 avec Elo\u00efse GUILBAUD &amp; La\u00ebtitia DOUCET &#8211; 20&hellip; <br \/> <a class=\"read-more\" href=\"https:\/\/st-cyr-ste-julitte.fr\/?page_id=110\">Lire la suite<\/a><\/p>\n","protected":false},"author":8,"featured_media":0,"parent":0,"menu_order":0,"comment_status":"closed","ping_status":"closed","template":"","meta":{"ngg_post_thumbnail":0,"footnotes":""},"_links":{"self":[{"href":"https:\/\/st-cyr-ste-julitte.fr\/index.php?rest_route=\/wp\/v2\/pages\/110"}],"collection":[{"href":"https:\/\/st-cyr-ste-julitte.fr\/index.php?rest_route=\/wp\/v2\/pages"}],"about":[{"href":"https:\/\/st-cyr-ste-julitte.fr\/index.php?rest_route=\/wp\/v2\/types\/page"}],"author":[{"embeddable":true,"href":"https:\/\/st-cyr-ste-julitte.fr\/index.php?rest_route=\/wp\/v2\/users\/8"}],"replies":[{"embeddable":true,"href":"https:\/\/st-cyr-ste-julitte.fr\/index.php?rest_route=%2Fwp%2Fv2%2Fcomments&post=110"}],"version-history":[{"count":16,"href":"https:\/\/st-cyr-ste-julitte.fr\/index.php?rest_route=\/wp\/v2\/pages\/110\/revisions"}],"predecessor-version":[{"id":8050,"href":"https:\/\/st-cyr-ste-julitte.fr\/index.php?rest_route=\/wp\/v2\/pages\/110\/revisions\/8050"}],"wp:attachment":[{"href":"https:\/\/st-cyr-ste-julitte.fr\/index.php?rest_route=%2Fwp%2Fv2%2Fmedia&parent=110"}],"curies":[{"name":"wp","href":"https:\/\/api.w.org\/{rel}","templated":true}]}}

Organisation pédagogique

<p>À la rentrée 2025-2026, l&rsquo;école compte 96 élèves.</p>
<p><a href="https://st-cyr-ste-julitte.fr/wp-content/uploads/2025/01/GP.jpeg"><img loading="lazy" decoding="async" class="alignnone size-medium wp-image-7846" src="https://st-cyr-ste-julitte.fr/wp-content/uploads/2025/01/GP-595x449.jpeg" alt="" width="595" height="449" srcset="https://st-cyr-ste-julitte.fr/wp-content/uploads/2025/01/GP-595x449.jpeg 595w, https://st-cyr-ste-julitte.fr/wp-content/uploads/2025/01/GP-960x724.jpeg 960w, https://st-cyr-ste-julitte.fr/wp-content/uploads/2025/01/GP-768x579.jpeg 768w, https://st-cyr-ste-julitte.fr/wp-content/uploads/2025/01/GP-1024x772.jpeg 1024w, https://st-cyr-ste-julitte.fr/wp-content/uploads/2025/01/GP.jpeg 1239w" sizes="(max-width: 595px) 100vw, 595px" /></a></p>
<p>Les 4 classes sont réparties de la manière suivante :</p>
<p>&#8211; 24 PS/MS avec Magali HERVOUET &amp; Morgann Le Caloch, aidées par Lydie BESSONNET (ASEM)<br />
&#8211; 27 GS/CP avec Fabienne CLAVIER, aidée par Karen CAMBRAY (ASEM)<br />
&#8211; 25 CE1/CE2 avec Eloïse GUILBAUD &amp; Laëtitia DOUCET<br />
&#8211; 20 CM1/CM2 avec Anne-Laure GRAVOUIL</p>
<p>&nbsp;</p>

<p>À la rentrée 2025-2026, l&rsquo;école compte 96 élèves. Les 4 classes sont réparties de la manière suivante : &#8211; 24 PS/MS avec Magali HERVOUET &amp; Morgann Le Caloch, aidées par Lydie BESSONNET (ASEM) &#8211; 27 GS/CP avec Fabienne CLAVIER, aidée par Karen CAMBRAY (ASEM) &#8211; 25 CE1/CE2 avec Eloïse GUILBAUD &amp; Laëtitia DOUCET &#8211; 20&hellip; <br /> <a class="read-more" href="https://st-cyr-ste-julitte.fr/?page_id=110">Lire la suite</a></p>
